{"id":135,"date":"2018-07-04T22:01:47","date_gmt":"2018-07-04T20:01:47","guid":{"rendered":"http:\/\/test.ohana-dojo.de\/?page_id=135"},"modified":"2020-07-04T14:47:35","modified_gmt":"2020-07-04T12:47:35","slug":"bujinkan","status":"publish","type":"page","link":"https:\/\/ohana-dojo.de\/index.php\/bujinkan\/","title":{"rendered":"\u6b66\u795e\u9928 Bujinkan"},"content":{"rendered":"<h1><strong>\u6b66\u795e\u9928\u3000Bujinkan Budo Taijutsu<\/strong><\/h1>\n<h2>1400 Jahre fern\u00f6stliche Tradition f\u00fcr K\u00f6rper und Geist.<\/h2>\n<p><img fetchpriority=\"high\" decoding=\"async\" class=\"size-medium wp-image-206 aligncenter\" src=\"http:\/\/test.ohana-dojo.de\/wp-content\/uploads\/g5571-300x300.png\" alt=\"\" width=\"300\" height=\"300\" srcset=\"https:\/\/ohana-dojo.de\/wp-content\/uploads\/g5571-300x300.png 300w, https:\/\/ohana-dojo.de\/wp-content\/uploads\/g5571-150x150.png 150w, https:\/\/ohana-dojo.de\/wp-content\/uploads\/g5571-768x768.png 768w, https:\/\/ohana-dojo.de\/wp-content\/uploads\/g5571-1024x1024.png 1024w, https:\/\/ohana-dojo.de\/wp-content\/uploads\/g5571.png 1200w, https:\/\/ohana-dojo.de\/wp-content\/uploads\/g5571-100x100.png 100w\" sizes=\"(max-width: 300px) 100vw, 300px\" \/><\/p>\n<figure id=\"attachment_204\" aria-describedby=\"caption-attachment-204\" style=\"width: 300px\" class=\"wp-caption alignleft\"><a href=\"https:\/\/ohana-dojo.de\/wp-content\/uploads\/IMG_4241.jpg\"><img decoding=\"async\" class=\"wp-image-204 size-medium\" src=\"https:\/\/ohana-dojo.de\/wp-content\/uploads\/IMG_4241-300x200.jpg\" alt=\"\" width=\"300\" height=\"200\" srcset=\"https:\/\/ohana-dojo.de\/wp-content\/uploads\/IMG_4241-300x200.jpg 300w, https:\/\/ohana-dojo.de\/wp-content\/uploads\/IMG_4241-768x512.jpg 768w, https:\/\/ohana-dojo.de\/wp-content\/uploads\/IMG_4241-1024x683.jpg 1024w\" sizes=\"(max-width: 300px) 100vw, 300px\" \/><\/a><figcaption id=\"caption-attachment-204\" class=\"wp-caption-text\">Soke beim malen in der Pause<\/figcaption><\/figure>\n<p>Bujinkan Budo Taijutsu besteht aus 9 sehr traditionellen Kampfkunstschulen, deren Inhalt f\u00fcr die unterschiedlichsten Situationen angepasst und in den 5 Elementen (Erde, Wasser, Feuer, Wind und Leere) angewendet und trainiert wird. Dabei kommen Techniken ohne und mit Waffen (wie Stock, Schwert, Messer, Wurfgegenst\u00e4nde u.a.), Techniken des Kyushu Jitsu (Manipulation der Vitalpunkte des K\u00f6rpers), Techniken zum Umgang mit Schmerzen, Techniken zur Konzentration und Meditation sowie Techniken zur besonderen Wahrnehmung der Umwelt (&#8222;Gefahr sp\u00fcren&#8220;) zum Einsatz.<\/p>\n<figure id=\"attachment_202\" aria-describedby=\"caption-attachment-202\" style=\"width: 200px\" class=\"wp-caption alignright\"><a href=\"https:\/\/ohana-dojo.de\/wp-content\/uploads\/IMG_4086.jpg\"><img decoding=\"async\" class=\"wp-image-202 size-medium\" src=\"https:\/\/ohana-dojo.de\/wp-content\/uploads\/IMG_4086-200x300.jpg\" alt=\"\" width=\"200\" height=\"300\" srcset=\"https:\/\/ohana-dojo.de\/wp-content\/uploads\/IMG_4086-200x300.jpg 200w, https:\/\/ohana-dojo.de\/wp-content\/uploads\/IMG_4086-768x1152.jpg 768w, https:\/\/ohana-dojo.de\/wp-content\/uploads\/IMG_4086-683x1024.jpg 683w\" sizes=\"(max-width: 200px) 100vw, 200px\" \/><\/a><figcaption id=\"caption-attachment-202\" class=\"wp-caption-text\">Nagato-Sensei<\/figcaption><\/figure>\n<p>Unendlich viele Wege f\u00fchren zum Ziel, es wird zur Aufgabe den eigenen &#8222;besten&#8220; Weg unter Ber\u00fccksichtung der eigenen F\u00e4higkeiten und Situationen zu finden. Dieser Weg befindet sich stets im Fluss der Ver\u00e4nderung und muss stetig neu definiert werden. Insgesamt wird beim Training und der Ausbildung ein traditionell sehr hoher Wert auf geistige F\u00e4higkeiten und St\u00e4rke gelegt, die einen Kampf lange vor dem Entstehen unn\u00f6tig machen soll.<\/p>\n<figure id=\"attachment_209\" aria-describedby=\"caption-attachment-209\" style=\"width: 200px\" class=\"wp-caption alignleft\"><a href=\"https:\/\/ohana-dojo.de\/wp-content\/uploads\/IMG_3964.jpg\"><img loading=\"lazy\" decoding=\"async\" class=\"wp-image-209 size-medium\" src=\"https:\/\/ohana-dojo.de\/wp-content\/uploads\/IMG_3964-200x300.jpg\" alt=\"\" width=\"200\" height=\"300\" srcset=\"https:\/\/ohana-dojo.de\/wp-content\/uploads\/IMG_3964-200x300.jpg 200w, https:\/\/ohana-dojo.de\/wp-content\/uploads\/IMG_3964-768x1152.jpg 768w, https:\/\/ohana-dojo.de\/wp-content\/uploads\/IMG_3964-683x1024.jpg 683w\" sizes=\"(max-width: 200px) 100vw, 200px\" \/><\/a><figcaption id=\"caption-attachment-209\" class=\"wp-caption-text\">Shiraishi-Sensei und J\u00f6rg Sedler<\/figcaption><\/figure>\n<p>Das Bujinkan eignet sich ideal sowohl als Weg zur pers\u00f6nlichen Entfaltung, als auch zur Verteidigung die im Notfall dazu verwendet werden kann, sich selbst oder andere effektiv zu sch\u00fctzen. F\u00fcr mehr Informationen empfehle ich folgenden Artikel:<\/p>\n<p><a style=\"font-size: 1rem;\" href=\"http:\/\/www.bujinkan-deutschland.de\/erklaerung%20bujinkan.pdf\" target=\"_blank\" rel=\"noopener noreferrer\">Bujinkan Budo Taijutsu<\/a><\/p>\n<div class=\"logo_div\"><\/div>\n<h1><strong>Die 9 Schulen des Bujinkan<\/strong><\/h1>\n<p>Bujinkan Budo Taijutsu besteht aus 9 Kampfkunstschulen, deren Inhalt f\u00fcr die unterschiedlichsten Situationen angepasst und in den 5 Elementen angewendet und trainiert wird.<\/p>\n<div><\/div>\n<p><b>Die drei Ninja Schulen<\/b><\/p>\n<figure id=\"attachment_207\" aria-describedby=\"caption-attachment-207\" style=\"width: 200px\" class=\"wp-caption alignright\"><a href=\"https:\/\/ohana-dojo.de\/wp-content\/uploads\/IMG_3786.jpg\"><img loading=\"lazy\" decoding=\"async\" class=\"wp-image-207 size-medium\" src=\"https:\/\/ohana-dojo.de\/wp-content\/uploads\/IMG_3786-200x300.jpg\" alt=\"\" width=\"200\" height=\"300\" srcset=\"https:\/\/ohana-dojo.de\/wp-content\/uploads\/IMG_3786-200x300.jpg 200w, https:\/\/ohana-dojo.de\/wp-content\/uploads\/IMG_3786-768x1152.jpg 768w, https:\/\/ohana-dojo.de\/wp-content\/uploads\/IMG_3786-683x1024.jpg 683w\" sizes=\"(max-width: 200px) 100vw, 200px\" \/><\/a><figcaption id=\"caption-attachment-207\" class=\"wp-caption-text\">Noguchi-Sensei und ich<\/figcaption><\/figure>\n<ul>\n<li>Kumogakure Ry\u016b Ninp\u014d<br \/>\n(\u96f2\u96a0\u6d41\u5fcd\u6cd5) Die Schule der verborgenen Wolken<\/li>\n<li>Gyokushin Ry\u016b Ninp\u014d<br \/>\n(\u7389\u5fc3\u6d41\u5fcd\u6cd5) Die Schule des juwelgeschm\u00fcckten Herzens<\/li>\n<li>Togakure Ry\u016b Ninp\u014d<br \/>\n(\u6238\u96a0\u6d41\u5fcd\u6cd5) Die Schule der verborgenen T\u00fcr (ca. 1000 Jahre alt)<\/li>\n<\/ul>\n<p><b>Die zwei chinesischen Samuraischulen<\/b><\/p>\n<ul>\n<li>Kot\u014d Ry\u016b Kopp\u014djutsu<br \/>\n(\u864e\u5012\u6d41\u9aa8\u6cd5\u8853) Die Schule, die den Tiger niederschlug<\/li>\n<li>Gyokko Ry\u016b Kosshijutsu<br \/>\n(\u7389\u864e\u6d41\u9aa8\u6307\u8853) Die Schule des juwelgeschm\u00fcckten Tigers (1400 Jahre alt)<\/li>\n<\/ul>\n<p><b>Die vier japanischen Samuraischulen<\/b><\/p>\n<ul>\n<li>Gikan Ry\u016b Kopp\u014djutsu<br \/>\n(\u7fa9\u9451\u6d41\u9aa8\u6cd5\u8853) Schule des Lernens von Gerechtigkeit<\/li>\n<li>Takagi Y\u014dshin Ry\u016b J\u016btaijutsu<br \/>\n(\u9ad8\u6728\u63da\u5fc3\u6d41\u67d4\u4f53\u8853) Die Schule des Hohen-Baum-Weide-Geistes der Philosophie, die Nachgiebigkeit ist.<\/li>\n<li>Shinden Fud\u014d Ry\u016b Dakentaijutsu<br \/>\n(\u795e\u4f1d\u4e0d\u52d5\u6d41\u6253\u62f3\u4f53\u8853) Die Schule des unbewegten Herzens (ca. 800 Jahre alt)<\/li>\n<li>Kukishinden Ry\u016b Happ\u014d Bikenjutsu<br \/>\n(\u4e5d\u9b3c\u795e\u4f1d\u6d41\u516b\u6cd5\u79d8\u5263\u8853) Die Schule der neun D\u00e4moneng\u00f6tter<\/li>\n<\/ul>\n<p>Hier ein kleines Video von Ninja Training TV welches bei meinem ersten Besuch in Japan entstanden ist. Es zeigt eine gute \u00dcbersicht \u00fcber Techniken und M\u00f6glichkeiten im Bujinkan.<\/p>\n<p><iframe title=\"Ninja Grandmaster Masaaki Hatsumi:  Pain Compliance Techniques\" width=\"525\" height=\"295\" src=\"https:\/\/www.youtube.com\/embed\/0pXLm4Ao6-w?feature=oembed\" frameborder=\"0\" allow=\"accelerometer; autoplay; clipboard-write; encrypted-media; gyroscope; picture-in-picture; web-share\" referrerpolicy=\"strict-origin-when-cross-origin\" allowfullscreen><\/iframe><\/p>\n","protected":false},"excerpt":{"rendered":"<p>\u6b66\u795e\u9928\u3000Bujinkan Budo Taijutsu 1400 Jahre fern\u00f6stliche Tradition f\u00fcr K\u00f6rper und Geist. Bujinkan Budo Taijutsu besteht aus 9 sehr traditionellen Kampfkunstschulen, deren Inhalt f\u00fcr die unterschiedlichsten Situationen angepasst und in den 5 Elementen (Erde, Wasser, Feuer, Wind und Leere) angewendet und trainiert wird. Dabei kommen Techniken ohne und mit Waffen (wie Stock, Schwert, Messer, Wurfgegenst\u00e4nde u.a.), &hellip; <\/p>\n<p class=\"link-more\"><a href=\"https:\/\/ohana-dojo.de\/index.php\/bujinkan\/\" class=\"more-link\"><span class=\"screen-reader-text\">\u201e\u6b66\u795e\u9928 Bujinkan\u201c<\/span> weiterlesen<\/a><\/p>\n","protected":false},"author":1,"featured_media":0,"parent":0,"menu_order":0,"comment_status":"closed","ping_status":"closed","template":"","meta":{"footnotes":""},"class_list":["post-135","page","type-page","status-publish","hentry"],"_links":{"self":[{"href":"https:\/\/ohana-dojo.de\/index.php\/wp-json\/wp\/v2\/pages\/135","targetHints":{"allow":["GET"]}}],"collection":[{"href":"https:\/\/ohana-dojo.de\/index.php\/wp-json\/wp\/v2\/pages"}],"about":[{"href":"https:\/\/ohana-dojo.de\/index.php\/wp-json\/wp\/v2\/types\/page"}],"author":[{"embeddable":true,"href":"https:\/\/ohana-dojo.de\/index.php\/wp-json\/wp\/v2\/users\/1"}],"replies":[{"embeddable":true,"href":"https:\/\/ohana-dojo.de\/index.php\/wp-json\/wp\/v2\/comments?post=135"}],"version-history":[{"count":14,"href":"https:\/\/ohana-dojo.de\/index.php\/wp-json\/wp\/v2\/pages\/135\/revisions"}],"predecessor-version":[{"id":248,"href":"https:\/\/ohana-dojo.de\/index.php\/wp-json\/wp\/v2\/pages\/135\/revisions\/248"}],"wp:attachment":[{"href":"https:\/\/ohana-dojo.de\/index.php\/wp-json\/wp\/v2\/media?parent=135"}],"curies":[{"name":"wp","href":"https:\/\/api.w.org\/{rel}","templated":true}]}}