{"id":108,"date":"2018-07-04T19:43:56","date_gmt":"2018-07-04T17:43:56","guid":{"rendered":"http:\/\/test.ohana-dojo.de\/?page_id=108"},"modified":"2022-04-21T11:16:07","modified_gmt":"2022-04-21T09:16:07","slug":"training","status":"publish","type":"page","link":"https:\/\/ohana-dojo.de\/index.php\/training\/","title":{"rendered":"\u9053\u5834 Dojo\/Training\u3000"},"content":{"rendered":"<p><a href=\"https:\/\/ohana-dojo.de\/wp-content\/uploads\/IMG_7891.jpg\"><img fetchpriority=\"high\" decoding=\"async\" class=\"alignright wp-image-121 size-medium\" src=\"https:\/\/ohana-dojo.de\/wp-content\/uploads\/IMG_7891-200x300.jpg\" alt=\"\" width=\"200\" height=\"300\" srcset=\"https:\/\/ohana-dojo.de\/wp-content\/uploads\/IMG_7891-200x300.jpg 200w, https:\/\/ohana-dojo.de\/wp-content\/uploads\/IMG_7891-768x1152.jpg 768w, https:\/\/ohana-dojo.de\/wp-content\/uploads\/IMG_7891-683x1024.jpg 683w, https:\/\/ohana-dojo.de\/wp-content\/uploads\/IMG_7891.jpg 800w\" sizes=\"(max-width: 200px) 100vw, 200px\" \/><\/a> <a href=\"https:\/\/ohana-dojo.de\/wp-content\/uploads\/IMG_7885.jpg\"><img decoding=\"async\" class=\"alignright wp-image-120 size-medium\" src=\"https:\/\/ohana-dojo.de\/wp-content\/uploads\/IMG_7885-200x300.jpg\" alt=\"\" width=\"200\" height=\"300\" srcset=\"https:\/\/ohana-dojo.de\/wp-content\/uploads\/IMG_7885-200x300.jpg 200w, https:\/\/ohana-dojo.de\/wp-content\/uploads\/IMG_7885-768x1152.jpg 768w, https:\/\/ohana-dojo.de\/wp-content\/uploads\/IMG_7885-683x1024.jpg 683w, https:\/\/ohana-dojo.de\/wp-content\/uploads\/IMG_7885.jpg 800w\" sizes=\"(max-width: 200px) 100vw, 200px\" \/><\/a><\/p>\n<p>Das Training findet in gem\u00fctlicher Atmosph\u00e4re in meinem Dojo statt. Es ist zwar nicht besonders gro\u00df, verk\u00f6rpert aber den Geist Japans&#8230;.<\/p>\n<h3><strong>Training findet wie folgt statt:<\/strong><\/h3>\n<p><a href=\"https:\/\/ohana-dojo.de\/wp-content\/uploads\/IMG_7883.jpg\"><img decoding=\"async\" class=\"alignright wp-image-119 size-medium\" src=\"https:\/\/ohana-dojo.de\/wp-content\/uploads\/IMG_7883-300x200.jpg\" alt=\"\" width=\"300\" height=\"200\" srcset=\"https:\/\/ohana-dojo.de\/wp-content\/uploads\/IMG_7883-300x200.jpg 300w, https:\/\/ohana-dojo.de\/wp-content\/uploads\/IMG_7883-768x512.jpg 768w, https:\/\/ohana-dojo.de\/wp-content\/uploads\/IMG_7883-1024x683.jpg 1024w, https:\/\/ohana-dojo.de\/wp-content\/uploads\/IMG_7883.jpg 1800w\" sizes=\"(max-width: 300px) 100vw, 300px\" \/><\/a><strong>Enbukan<\/strong>:<\/p>\n<p><strong>Mittwoch<\/strong> 19:00 &#8211; 20:00 <strong>+ jeden 2. Donnerstag<\/strong> (ungerade Wochen) 19:00 &#8211; 20:00<\/p>\n<p><strong>ACHTUNG<\/strong>: Enbukan findet aus Platzgr\u00fcnden i.d.R. im Freien statt, bitte passende Kleidung einpacken.<\/p>\n<h4>Bujinkan:<\/h4>\n<p><strong>Mittwoch<\/strong> 20:00 &#8211; 21:30 <strong>+ jeden 2. Donnerstag<\/strong> (ungerade Wochen) 20:00 &#8211; 21:30<\/p>\n<p>Im Sommer findet Bujinkan vor Enbukan statt, damit wir die W\u00e4rme und die frische Luft im Freien auf unserer Trainingswiese genie\u00dfen k\u00f6nnen \ud83d\ude42<\/p>\n<p>Ein Probetraining kann jederzeit statt finden.<a href=\"https:\/\/ohana-dojo.de\/wp-content\/uploads\/IMG_7894.jpg\"><img loading=\"lazy\" decoding=\"async\" class=\"alignright wp-image-118 size-medium\" src=\"https:\/\/ohana-dojo.de\/wp-content\/uploads\/IMG_7894-300x200.jpg\" alt=\"\" width=\"300\" height=\"200\" srcset=\"https:\/\/ohana-dojo.de\/wp-content\/uploads\/IMG_7894-300x200.jpg 300w, https:\/\/ohana-dojo.de\/wp-content\/uploads\/IMG_7894-768x512.jpg 768w, https:\/\/ohana-dojo.de\/wp-content\/uploads\/IMG_7894-1024x683.jpg 1024w, https:\/\/ohana-dojo.de\/wp-content\/uploads\/IMG_7894.jpg 1800w\" sizes=\"(max-width: 300px) 100vw, 300px\" \/><\/a><\/p>\n<p><strong>Bitte vorher\u00a0<\/strong><strong>anmelden:<\/strong><\/p>\n<p>0171 &#8211; 9992302\u00a0\u00a0\u00a0 oder Info@ohana-dojo.de<\/p>\n<p><strong>Trainingsort<\/strong> ist\u00a0 die Paradeisstra\u00dfe 5 in 97262 Hausen b. W\u00fcrzburg.<\/p>\n","protected":false},"excerpt":{"rendered":"<p>Das Training findet in gem\u00fctlicher Atmosph\u00e4re in meinem Dojo statt. Es ist zwar nicht besonders gro\u00df, verk\u00f6rpert aber den Geist Japans&#8230;. Training findet wie folgt statt: Enbukan: Mittwoch 19:00 &#8211; 20:00 + jeden 2. Donnerstag (ungerade Wochen) 19:00 &#8211; 20:00 ACHTUNG: Enbukan findet aus Platzgr\u00fcnden i.d.R. im Freien statt, bitte passende Kleidung einpacken. Bujinkan: Mittwoch &hellip; <\/p>\n<p class=\"link-more\"><a href=\"https:\/\/ohana-dojo.de\/index.php\/training\/\" class=\"more-link\"><span class=\"screen-reader-text\">\u201e\u9053\u5834 Dojo\/Training\u3000\u201c<\/span> weiterlesen<\/a><\/p>\n","protected":false},"author":1,"featured_media":0,"parent":0,"menu_order":0,"comment_status":"closed","ping_status":"closed","template":"","meta":{"footnotes":""},"class_list":["post-108","page","type-page","status-publish","hentry"],"_links":{"self":[{"href":"https:\/\/ohana-dojo.de\/index.php\/wp-json\/wp\/v2\/pages\/108","targetHints":{"allow":["GET"]}}],"collection":[{"href":"https:\/\/ohana-dojo.de\/index.php\/wp-json\/wp\/v2\/pages"}],"about":[{"href":"https:\/\/ohana-dojo.de\/index.php\/wp-json\/wp\/v2\/types\/page"}],"author":[{"embeddable":true,"href":"https:\/\/ohana-dojo.de\/index.php\/wp-json\/wp\/v2\/users\/1"}],"replies":[{"embeddable":true,"href":"https:\/\/ohana-dojo.de\/index.php\/wp-json\/wp\/v2\/comments?post=108"}],"version-history":[{"count":24,"href":"https:\/\/ohana-dojo.de\/index.php\/wp-json\/wp\/v2\/pages\/108\/revisions"}],"predecessor-version":[{"id":277,"href":"https:\/\/ohana-dojo.de\/index.php\/wp-json\/wp\/v2\/pages\/108\/revisions\/277"}],"wp:attachment":[{"href":"https:\/\/ohana-dojo.de\/index.php\/wp-json\/wp\/v2\/media?parent=108"}],"curies":[{"name":"wp","href":"https:\/\/api.w.org\/{rel}","templated":true}]}}